r of 388509?
False
Is 11 a factor of 23683?
True
Is 98296 a multiple of 30?
False
Does 60 divide 65531?
False
Does 38 divide 17748068?
False
Does 17 divide 83317?
True
Is 10 a factor of 706962?
False
Does 16 divide 91488?
True
Is 342441 a multiple of 33?
True
Is 2609788 a multiple of 12?
False
Is 20 a factor of 181960?
True
Is 700502 a multiple of 11?
True
Does 55 divide 328105?
False
Is 341 a factor of 212834?
False
Is 156 a factor of 91104?
True
Is 155113 a multiple of 19?
False
Is 12 a factor of 2160?
True
Is 942732 a multiple of 387?
True
Does 29 divide 212634?
False
Is 801748 a multiple of 36?
False
Is 189 a factor of 1173486?
False
Is 242040 a multiple of 40?
True
Is 17 a factor of 2838252?
True
Is 1208102 a multiple of 14?
True
Is 194 a factor of 651840?
True
Is 14 a factor of 1164492?
True
Is 103 a factor of 144612?
True
Does 10 divide 218900?
True
Does 26 divide 99476?
True
Is 15048 a multiple of 4?
True
Is 1629452 a multiple of 22?
True
Is 175 a factor of 22277150?
True
Is 201 a factor of 883871?
False
Is 4 a factor of 77235?
False
Is 268 a factor of 239782?
False
Is 11434 a multiple of 3?
False
Is 860720 a multiple of 7?
True
Is 693921 a multiple of 6?
False
Does 46 divide 6993978?
True
Does 86 divide 206314?
True
Does 198 divide 2060784?
True
Does 159 divide 215604?
True
Is 862952 a multiple of 269?
True
Is 151382 a multiple of 34?
False
Is 7 a factor of 1485763?
False
Is 8 a factor of 69544?
True
Is 31 a factor of 146909?
True
Does 10 divide 1203640?
True
Is 1249680 a multiple of 15?
True
Does 50 divide 398600?
True
Is 260952 a multiple of 16?
False
Is 85 a factor of 23922740?
True
Does 7 divide 5724530?
True
Does 32 divide 138752?
True
Is 71609 a multiple of 136?
False
Is 3445032 a multiple of 319?
False
Is 116184 a multiple of 309?
True
Is 7 a factor of 1025661?
True
Is 156007 a multiple of 15?
False
Does 1773 divide 12483693?
True
Is 311 a factor of 784653?
True
Is 86 a factor of 409274?
True
Is 30 a factor of 1004790?
True
Is 1146765 a multiple of 3?
True
Does 15 divide 417090?
True
Is 545632 a multiple of 236?
True
Is 578964 a multiple of 110?
False
Does 156 divide 382512?
True
Does 346 divide 270572?
True
Is 251425 a multiple of 824?
False
Is 36 a factor of 62856?
True
Is 206 a factor of 685774?
True
Is 6 a factor of 265228?
False
Does 6 divide 4368?
True
Is 182475 a multiple of 225?
True
Is 926937 a multiple of 27?
True
Is 112800 a multiple of 319?
False
Does 11 divide 8183650?
False
Is 46 a factor of 4518386?
False
Does 4 divide 3548?
True
Is 50 a factor of 607370?
False
Is 7224860 a multiple of 870?
False
Does 313 divide 270651?
False
Does 35 divide 8233085?
True
Does 531 divide 146744?
False
Is 196072 a multiple of 60?
False
Is 31390 a multiple of 3?
False
Is 121 a factor of 37994?
True
Is 109 a factor of 187916?
True
Is 30 a factor of 106860?
True
Does 16 divide 417144?
False
Does 398 divide 8031217?
False
Is 6673408 a multiple of 266?
True
Does 852 divide 3419213?
False
Does 6 divide 806004?
True
Is 178970 a multiple of 22?
True
Is 608 a factor of 274816?
True
Does 207 divide 150282?
True
Is 61 a factor of 9918661?
True
Does 127 divide 657800?
False
Does 20 divide 80440?
True
Is 117 a factor of 63180?
True
Is 305460 a multiple of 15?
True
Is 17 a factor of 1705032?
True
Is 35 a factor of 1385451?
False
Does 9 divide 52173?
True
Does 1490 divide 12193871?
False
Is 8319590 a multiple of 1258?
False
Is 12 a factor of 180888?
True
Is 142821 a multiple of 21?
True
Is 361456 a multiple of 58?
True
Is 154 a factor of 120446?
False
Is 300 a factor of 176838?
False
Is 252 a factor of 107149?
False
Is 1714986 a multiple of 189?
True
Is 363408 a multiple of 113?
True
Is 2776050 a multiple of 450?
True
Does 151 divide 8731412?
False
Is 2571922 a multiple of 89?
True
Is 41 a factor of 118368?
False
Does 11 divide 272669?
False
Does 5 divide 152970?
True
Is 8 a factor of 6894658?
False
Does 694 divide 824472?
True
Does 69 divide 1597796?
False
Does 614 divide 225952?
True
Is 24 a factor of 256056?
True
Is 4 a factor of 231498?
False
Does 3 divide 26469?
True
Is 53 a factor of 703578?
False
Does 41 divide 456422?
False
Is 215021 a multiple of 39?
False
Does 292 divide 27091850?
False
Does 67 divide 111555?
True
Is 308187 a multiple of 302?
False
Does 447 divide 2025357?
True
Is 67 a factor of 86431?
False
Does 24 divide 21473?
False
Is 779993 a multiple of 12?
False
Is 3501531 a multiple of 49?
False
Is 38515 a multiple of 74?
False
Does 32 divide 231481?
False
Does 216 divide 6810?
False
Does 25 divide 426225?
True
Is 16591 a multiple of 73?
False
Does 194 divide 1183594?
True
Is 395 a factor of 2872440?
True
Does 293 divide 10755151?
True
Is 26 a factor of 66539?
False
Does 289 divide 665020?
False
Is 140 a factor of 6326048?
False
Is 592960 a multiple of 160?
True
Is 5 a factor of 53665?
True
Is 1488365 a multiple of 378?
False
Does 16 divide 7745854?
False
Is 108414 a multiple of 38?
True
Is 461 a factor of 231369?
False
Is 202 a factor of 306636?
True
Is 534 a factor of 1783331?
False
Does 138 divide 861964?
False
Is 56034 a multiple of 85?
False
Is 8 a factor of 58144?
True
Is 1802080 a multiple of 144?
False
Does 17 divide 415827?
False
Does 125 divide 1623570?
False
Is 28 a factor of 3815980?
True
Is 131 a factor of 2053425?
True
Does 625 divide 1513125?
True
Is 183 a factor of 144021?
True
Is 999898 a multiple of 53?
True
Is 138 a factor of 444774?
True
Is 465 a factor of 7301895?
True
Does 198 divide 164538?
True
Is 12773860 a multiple of 99?
False
Is 86730 a multiple of 15?
True
Does 14 divide 6224274?
True
Is 17 a factor of 269981?
False
Does 64 divide 1856602?
False
Is 12186828 a multiple of 19?
True
Is 3080028 a multiple of 74?
True
Does 12 divide 12327504?
True
Is 1420561 a multiple of 90?
False
Does 123 divide 2350473?
False
Does 23 divide 750228?
False
Is 21 a factor of 927297?
True
Is 1152501 a multiple of 21?
True
Is 101 a factor of 1379431?
False
Is 285 a factor of 2315055?
True
Is 76 a factor of 98040?
True
Is 91352 a multiple of 152?
True
Is 5 a factor of 228618?
False
Is 73518 a multiple of 23?
False
Is 52 a factor of 629095?
False
Is 170097 a multiple of 32?
False
Is 5764933 a multiple of 19?
False
Is 32 a factor of 219456?
True
Does 3 divide 2307261?
True
Is 54131 a multiple of 8?
False
Is 62 a factor of 12057276?
False
Is 2447617 a multiple of 103?
False
Is 11018280 a multiple of 420?
True
Is 70 a factor of 52182?
False
Is 93219 a multiple of 69?
True
Is 607380 a multiple of 53?
True
Does 5 divide 1630550?
True
Is 5 a factor of 1127533?
False
Is 2695 a factor of 19800165?
True
Is 2030004 a multiple of 18?
True
Does 828 divide 2305590?
False
Is 714192 a multiple of 27?
False
Is 294973 a multiple of 62?
False
Does 7 divide 2570929?
False
Is 388 a factor of 457840?
True
Does 348 divide 603780?
True
Does 60 divide 402060?
True
Does 96 divide 280231?
False
Does 8 divide 1819726?
False
Does 5 divide 733240?
True
Is 118567 a multiple of 634?
False
Is 7 a factor of 2832018?
True
Is 140 a factor of 1317260?
True
Is 595 a factor of 9367990?
False
Does 922 divide 4185880?
True
Is 1090672 a multiple of 44?
True
Does 17 divide 7149044?
True
Is 716 a factor of 2223180?
True
Does 11 divide 69918?
False
Does 401 divide 4608693?
True
Is 37 a factor of 264171?
False
Is 19563758 a multiple of 92?
False
Is 568700 a multiple of 188?
True
Is 12683 even?
False
Does 55 divide 2212666?
False
Is 15 a factor of 593513?
False
Does 49 divide 477703?
False
Is 12 a factor of 1589808?
True
Is 87 a factor of 7319844?
False
Is 82 a factor of 694671?
False
Is 71 a factor of 799602?
True
Is 65296 a multiple of 112?
True
Is 1418437 a multiple of 81?
False
Does 24 divide 277872?
True
Is 22 a factor of 249546?
True
Is 37 a factor of 1282605?
True
Is 94 a factor of 87691?
False
Is 10633057 a multiple of 51?
False
Is 172 a factor of 730828?
True
Is 28 a factor of 62020?
True
Does 89 divide 1367307?
True
Does 800 divide 15592467?
False
Is 4039415 a multiple of 1001?
False
Is 7794148 a multiple of 23?
True
Does 5 divide 250250?
True
Is 2 a factor of 54084?
True
Is 86 a factor of 398771?
False
Is 142 a factor of 2398664?
True
Is 46 a factor of 1553003?
False
Is 114 a factor of 459192?
True
Is 404464 a multiple of 272?
True
Does 70 divide 604878?
